highest common divisor of k and f.
9
Let k = -25 - -19. Let w(r) = -4*r - 5*r - 8 - 11 + 1. Let j be w(k). Calculate the greatest common factor of j and 9.
9
Let l = -199 - -248. What is the greatest common divisor of l and 147?
49
Let v be (-2 - -38) + 16/2. What is the greatest common factor of v and 12?
4
Let d be ((-1968)/410)/(3/(-20)). Calculate the greatest common divisor of 40 and d.
8
Let m be (-102)/(-10) + (-12)/60. Let a be (0 - 0)/(m - 9). Suppose a = 2*d + 2*d - 1332. Calculate the greatest common divisor of 37 and d.
37
Suppose 0 = -4*f - v - 11, 5 = 3*f + 4*v + 23. Let r be 9/f*(-4)/3. Calculate the greatest common divisor of r and 78.
6
Let t be 8/(7 - 3) + 0. Let q be -3 + (t + -2)/4. Let s = 48 + q. Calculate the highest common divisor of s and 5.
5
Let m be -3*10/36*-6. Let h(g) = 4*g**2 - 6*g + 7. Let p be h(m). What is the highest common divisor of 7 and p?
7
Let f = -334 + 550. What is the greatest common divisor of 8 and f?
8
Let n = 85 - 30. Suppose -2*d + n = 7. Calculate the highest common factor of d and 264.
24
Suppose -3*f + 0*v + 78 = 2*v, 5*v + 99 = 3*f. Let l be (0 - 1)/(-1) - -69. Calculate the highest common factor of f and l.
14
Suppose -3*g + 14 = -24*v + 29*v, 3*v - 6 = -3*g. Suppose 5*d - 57 = 4*c, -5*c + 0 = 3*d + 25. Let s = c + 44. What is the highest common divisor of v and s?
4
Let f be 729 - (4 + -8) - 2. What is the highest common divisor of f and 17?
17
Let h = -10 - -10. Suppose h = 5*b + 4*a + 4 - 5, 0 = -2*b + 4*a - 22. Let r be b/(-3 - 0) + 15. What is the greatest common divisor of r and 80?
16
Let d be -4 - (-1 - 0) - -339. Suppose -17*c = -15*c - d. What is the greatest common divisor of 21 and c?
21
Let j be 0/((-3)/(-1) - 5). Suppose j = 4*a - a. Suppose a = 2*v - 5*q - 67, 0 = -5*v - 2*q + 145 + 95. Calculate the greatest common factor of 69 and v.
23
Let w(g) = 13*g + 38. Let d be w(1). Calculate the greatest common divisor of d and 3978.
51
Let u = 3 + 25. Suppose 0 = -l - o + 4, 2*l + 0*o - u = 2*o. Calculate the greatest common divisor of 1 and l.
1
Suppose -2*k = j + 31 + 13, 3*j + 105 = 3*k. Let z = 77 + j. Let h be z/2 - 3/(-6). What is the highest common divisor of 20 and h?
20
Let z(a) = 17*a - 360. Let s be z(22). What is the highest common divisor of 32 and s?
2
Suppose o = -17 + 82. Suppose -69*b - 20*b + 1157 = 0. Calculate the greatest common factor of b and o.
13
Suppose -5*o - 15 + 45 = -5*b, 0 = -2*o - 4*b. Suppose -28 - 28 = -4*j. Let r = j + 14. What is the greatest common divisor of o and r?
4
Let c be 259/28 + (-6)/24. Calculate the highest common divisor of 18 and c.
9
Let q be (-4)/8 - 86/(-4). Suppose -2*l + 10 - 4 = 0. What is the greatest common factor of q and l?
3
Suppose 2*g + 44 = 4*a - 2*g, -2*g - 29 = -3*a. Calculate the greatest common divisor of 21 and a.
7
Let x(f) = -f**3 - f - 30. Let h be x(0). Let s = h + 69. Let n be ((-8)/(-12))/((-1)/(-39)). What is the greatest common factor of s and n?
13
Suppose 4*n + 31 = 5*a, -5*a + n = 3*n - 37. Calculate the highest common factor of 448 and a.
7
Let w be -1*(17528/(-24) - 4/6). What is the greatest common divisor of 86 and w?
43
Suppose g - 73 - 104 = -5*a, 3*g + 189 = 5*a. Calculate the highest common factor of 4 and a.
4
Let b be 0 + 2 - (-21 - 2). Let v = -15 - -31. Suppose 4*l = v + 4. Calculate the greatest common divisor of l and b.
5
Suppose -6*q = 722 - 194. Let m = 123 + q. Suppose -25 = -0*r - 5*r. Calculate the highest common factor of r and m.
5
Suppose 5*l = -0*l + x + 60, 3*l - 4*x - 19 = 0. Let w be -4*(3 - l/4). Calculate the greatest common divisor of 11 and w.
1
Suppose 5*a - 8*a - 171 = 0. Let s = a + 36. Let z be (-623)/s - 2/(-6). Calculate the highest common factor of z and 15.
15
Suppose 18*i - 11305 = i. Calculate the greatest common factor of i and 35.
35
Let x(m) = 6*m**2 - 15*m - 14. Let j be x(-2). Let n(o) = o**2 - 11*o + 8. Let k be n(-13). Calculate the greatest common divisor of j and k.
40
Suppose -104*o - 3822 = -153*o. Calculate the highest common divisor of o and 26.
26
Let n(i) = i**3 + 20*i**2 - 52*i - 14. Let b be n(-22). What is the greatest common divisor of b and 405?
81
Let j be 126/10 - (-2)/5. Let y(g) = 25*g + 2. Let u(z) = z. Let o(m) = -6*u(m) - y(m). Let p be o(-3). Calculate the highest common divisor of j and p.
13
Suppose 0 = 5*b - 2*b - 18. Let g(f) = f**2 + 3*f + 14. Let t be g(-10). Suppose -t = -s - s. Calculate the greatest common factor of s and b.
6
Let r = -33 - -37. Suppose 0 = 6*g - r*g - 90. Calculate the highest common divisor of g and 9.
9
Let i = 165 + -158. Let y be (2/4)/((-5)/(-560)). What is the greatest common factor of i and y?
7
Let h(j) = j**3 - 7*j**2 + 16*j - 18. Let o be h(6). What is the highest common divisor of o and 147?
21
Let q = -526 + 536. What is the greatest common divisor of 410 and q?
10
Let y(u) = 13*u - 1. Let x be y(-1). Let b(o) = o + 16. Let z be b(x). Let v be 1/(3/9 + 0). What is the greatest common divisor of z and v?
1
Suppose 2*b + 2695 = 37*b. Calculate the greatest common factor of b and 88.
11
Suppose -4*s = 8, -3*a + 5*s - 93 = -2479. What is the greatest common divisor of 99 and a?
99
Let j be 1 + 0/1 + 1. Let k(z) be the first derivative of 13*z**2/2 - 5*z - 138. Let x be k(j). What is the highest common divisor of x and 14?
7
Suppose -4 = 4*g - 8, -4*w + g + 15 = 0. Suppose w*n + 3 = 7. Suppose -2*u = -4*t - 16 + 4, -n = t. What is the greatest common factor of 2 and u?
2
Let v be (932 + 14)/(4*(-2)/(-4)). Calculate the highest common factor of 11 and v.
11
Let a(x) = -10*x + 1. Let p be a(-1). Suppose -2*n + 3*n = -3*l + p, -4*n = l - 22. Suppose -n*s = -s - 360. What is the greatest common divisor of 15 and s?
15
Let t be (-1)/(-4 + 22/6). Let z be (-1)/t - 463/(-3). Calculate the greatest common factor of 14 and z.
14
Suppose 5*f = 35 + 70. Let q be 2 + (1 - 2) + 0/(-20). Let k be ((-3)/(-9))/(q/693). What is the highest common factor of f and k?
21
Let b(c) = 10*c**2 + 3*c + 5. Let x be b(-5). Suppose 4*d - 88 = -5*f + x, 122 = 2*f - 3*d. What is the greatest common factor of 16 and f?
16
Let u(a) = 2*a**2 + 6*a - 18. Let r be u(3). What is the greatest common factor of 66 and r?
6
Suppose 2*d + 8 = 3*x, 11 = 4*x - 3*d - 0. Suppose x*t + t - 18 = 0. Calculate the greatest common factor of t and 30.
6
Let g(c) = -2*c**3 + c**2 + 9*c - 1. Let o be g(-3). Calculate the greatest common factor of 945 and o.
35
Let b(w) = 2*w - 3. Let l be b(2). Let g be (-2)/l + 0 + 22. Suppose 0 = 5*a - 0 - g. Calculate the highest common factor of a and 12.
4
Let j(b) = 10*b. Let r be j(5). Suppose -286 = -6*q + 86. Suppose -9*i + 28 = -q. What is the greatest common factor of i and r?
10
Suppose 5*a = 21 + 294. Let g(w) = -8 - 12 - 1 - 2*w. Let v be g(-14). Calculate the greatest common factor of v and a.
7
Let m be 193/15 - (17/(-15) + 1). What is the highest common factor of m and 1053?
13
Suppose -184 = -5*k + 311. Suppose 2*i + 2 - 20 = 0. What is the highest common factor of k and i?
9
Suppose 367 + 100 = o + 2*s, -2*o = -5*s - 961. What is the highest common divisor of 43 and o?
43
Let f(c) = c**2 - 36*c - 4. Let n be f(-7). What is the highest common divisor of 132 and n?
33
Let v be 1922/5 + ((-744)/60 - -12). Calculate the highest common divisor of v and 72.
24
Let o(h) = -2*h**3 - 88*h**2 + 59*h - 185. Let t be o(-45). Calculate the greatest common divisor of t and 10.
10
Suppose 0 = -y + 3*u + 55, u = -2385*y + 2384*y + 59. Let j(p) = p + 29. Let s be j(0). Calculate the highest common factor of y and s.
29
Let o be 3/(4 + -6 + 3). Let i be -3 + (27 + o - 3). Suppose -f + 40 = 2*s + 12, -52 = -4*s - 3*f. Calculate the greatest common factor of i and s.
8
Let h = -550 + 855. Suppose 0 = -4*m - 125 + h. Calculate the highest common factor of 30 and m.
15
Suppose 2 + 14 = -8*y. Let r(b) = 2*b**2 - b. Let d be r(y). What is the greatest common factor of d and 2?
2
Let n = -111 + 181. Let o be (-6)/8 + 118/8. What is the highest common factor of n and o?
14
Let w = -183 - -128. Let i = w - -107. What is the highest common factor of i and 65?
13
Let t(x) = -2*x**3 + x**2 + 15*x + 77. Let g be t(-4). Calculate the greatest common divisor of g and 7.
7
Suppose -24 = -9*p + 57. Suppose -12 - 12 = -8*b. What is